1031
In base 14, what is 1869 - 2?
1867
In base 4, what is -1230 + -1?
-1231
In base 12, what is -1170 + -5?
-1175
In base 2, what is -1011111 + -11?
-1100010
In base 7, what is 4 + -333?
-326
In base 7, what is -20 - -616?
566
In base 13, what is -10a - 2?
-10c
In base 4, what is -2013333 + -10?
-2020003
In base 14, what is -1 + -5b6?
-5b7
In base 12, what is -216 + 0?
-216
In base 9, what is 2 + -36?
-34
In base 14, what is c91 + 4?
c95
In base 3, what is -212 + -101?
-1020
In base 4, what is 100023 - -33?
100122
In base 16, what is -6f9 - -2?
-6f7
In base 13, what is 2 + 993?
995
In base 7, what is 1043 + 15?
1061
In base 2, what is 1011 + -1001?
10
In base 7, what is 1 + 35?
36
In base 9, what is -1225 + -5?
-1231
In base 5, what is -4 + -3002?
-3011
In base 3, what is 110012 + -2?
110010
In base 6, what is 1332 + 3?
1335
In base 10, what is 4186 - 1?
4185
In base 14, what is 2 - c26?
-c24
In base 7, what is -3 + 136?
133
In base 8, what is -4 + 372?
366
In base 12, what is -3 + -6a?
-71
In base 12, what is 5 - 132?
-129
In base 7, what is -1265 - 103?
-1401
In base 7, what is -14 + -23?
-40
In base 6, what is 122344 - -2?
122350
In base 3, what is -12 - -101210?
101121
In base 10, what is 2 + -69?
-67
In base 14, what is -1 - 148?
-149
In base 10, what is -24 - 23?
-47
In base 15, what is -1 - -d?
c
In base 13, what is 4 - -1490?
1494
In base 12, what is -31 + b?
-22
In base 12, what is -102a - -1?
-1029
In base 3, what is -221121 - 10?
-221201
In base 15, what is 5 - 1b?
-16
In base 3, what is 20 - 1011?
-221
In base 11, what is 1 + 37?
38
In base 6, what is -5 - 22231?
-22240
In base 7, what is 3222 + 5?
3230
In base 10, what is -7172 - -5?
-7167
In base 6, what is -31 - -315?
244
In base 9, what is 113 - 108?
4
In base 12, what is -9b + -1?
-a0
In base 16, what is 4 - 42a?
-426
In base 13, what is 16 - 21?
-8
In base 7, what is 1303 - -16?
1322
In base 11, what is 112 - -8?
11a
In base 10, what is 4 + -21?
-17
In base 15, what is 1 - -126?
127
In base 3, what is 12010 - 10?
12000
In base 5, what is 323 - 330?
-2
In base 7, what is -4 - 303?
-310
In base 11, what is -15 + 8?
-8
In base 2, what is 11 + -1001?
-110
In base 7, what is 1360 - 13?
1344
In base 8, what is -260 + 4?
-254
In base 2, what is 1010110 + 10?
1011000
In base 3, what is 11 + 212?
1000
In base 16, what is 4 - f6?
-f2
In base 13, what is 12 + -384?
-372
In base 12, what is -2 - 5a?
-60
In base 11, what is -46 + 44?
-2
In base 6, what is 3 + -122?
-115
In base 5, what is 1342 + -4?
1333
In base 3, what is -2010212 - 10?
-2010222
In base 5, what is 1111 + 10?
1121
In base 5, what is -4 - 122?
-131
In base 11, what is 54 - 7?
48
In base 9, what is -121 - 2?
-123
In base 3, what is -102 - 2101?
-2210
In base 12, what is -2487 - 3?
-248a
In base 12, what is 3 + 1166?
1169
In base 13, what is -4 + 101?
ca
In base 15, what is -8 - 101?
-109
In base 4, what is 232 + -10?
222
In base 4, what is -11 + 100130?
100113
In base 5, what is -3 + 1112?
1104
In base 15, what is 1 + 272?
273
In base 3, what is 2112012 + -11?
2112001
In base 4, what is -2 + -3332?
-10000
In base 11, what is 4 + -61?
-58
In base 2, what is 110110 + -100?
110010
In base 2, what is 101101 - -1?
101110
In base 14, what is 13 + 5?
18
In base 5, what is -20233 + -14?
-20302
In base 11, what is 100 - 8?
a3
In base 7, what is -5 + -1303?
-1311
In base 6, what is 13 + 340?
353
In base 2, what is -100110 - 11000001?
-11100111
In base 5, what is 12 - -11302?
11314
In base 6, what is 151 + -33?
114
In base 15, what is -9 + -2?
-b
In base 14, what is -121b8 - 4?
-121bc
In base 9, what is 1 - 37?
-36
In base 11, what is -8 - 698?
-6a5
In base 4, what is 1330 + 3?
1333
In base 14, what is 322 - 19?
307
In base 4, what is 1 + 2201?
2202
In base 4, what is 2 - 110313?
-110311
In base 9, what is 10 - -1081?
1101
In base 12, what is 733 + -2?
731
In base 3, what is 102202 - -11?
102220
In base 5, what is 10 + 2232?
2242
In base 7, what is 2 - 23?
-21
In base 13, what is -5 - 387?
-38c
In base 13, what is -67c + -3?
-682
In base 14, what is 7 + -3b3?
-3aa
In base 14, what is 11 - -8c?
9d
In base 11, what is -3 - 57?
-5a
In base 3, what is -10 + 1101?
1021
In base 14, what is -450 + 4?
-44a
In base 9, what is 812 - 4?
807
In base 7, what is -2634 + -3?
-2640
In base 11, what is -5 - -36a?
365
In base 4, what is -3123 + 1023?
-2100
In base 15, what is 9ce - 3?
9cb
In base 13, what is -638 + 8?
-630
In base 6, what is 201 - -35?
240
In base 8, what is -16355 - 3?
-16360
In base 13, what is 4 - -185?
189
In base 12, what is -5 - 45?
-4a
In base 7, what is 5 + 201?
206
In base 2, what is -10 + 10111?
10101
In base 8, what is 77 + -1?
76
In base 7, what is -22 + 100?
45
In base 2, what is 11 - -11001110100?
11001110111
In base 11, what is -6a - -3?
-67
In base 7, what is 342 + 1?
343
In base 3, what is -201021 + -20?
-201111
In base 14, what is -3 + 15d2?
15cd
In base 15, what is -4 - -2a?
26
In base 11, what is -14 - 124?
-138
In base 6, what is 5315 - -10?
5325
In base 13, what is 176 - 42?
134
In base 11, what is -6 - 161?
-167
In base 15, what is -7b - 0?
-7b
In base 11, what is 18 - -23?
40
In base 5, what is -10 - -1112?
1102
In base 7, what is -331 + 4?
-324
In base 13, what is -102 + -5?
-107
In base 11, what is -3 + -45?
-48
In base 7, what is -1 + -14643?
-14644
In base 14, what is 1 + -46?
-45
In base 12, what is 2b4 + 1a?
312
In base 4, what is -121 + 113?
-2
In base 14, what is b4 + -14?
a0
In base 11, what is -9a + -4?
-a3
In base 5, what is -112133 - -10?
-112123
In base 9, what is 0 + 52?
52
In base 8, what is -76 + -3?
-101
In base 12, what is 3 - -86?
89
In base 10, what is -3 - 73?
-76
In base 5, what is -10 - -3224?
3214
In base 4, what is 22002 + -10?
21332
In base 7, what is -42 + -236?
-311
In base 2, what is 100101001001 + -100?
100101000101
In base 12, what is -31 + -6?
-37
In base 14, what is -3 + -ddb?
-1000
In base 8, what is -3 + -12?
-15
In base 3, what is 1210 + -20221?
-12011
In base 8, what is -3 - -1434?
1431
In base 9, what is -4 - -5242?
5237
In base 9, what is -53 - 1?
-54
In base 14, what is 5 - 12?
-b
In base 15, what is -1 - -85?
84
In base 7, what is 16 - 12?
4
In base 8, what is 1 + 420?
421
In base 3, what is 10022001 + -2?
10021222
In base 9, what is 1 + 10623?
10624
In base 12, what is -2a5 + -1?
-2a6
In base 5, what is -142244 + 2?
-142242
In base 11, what is 8 - -435?
442
In base 10, what is -5 - 55?
-60
In base 9, what is 65 - -236?
312
In base 8, what is 0 + -102?
-102
In base 15, what is -1ca5 - -6?
-1c9e
In base 9, what is 54 - 1?
53
In base 9, what is 5 + -1102?
-1086
In base 10, what is 5 - 3868?
-3863
In base 16, what is -1 + 4a?
49
In base 3, what is -10 - 10022?
-10102
In base 11, what is -28 + 59?
31
In base 8, what is 0 - 135?
-135
In base 10, what is -19 + -11?
-30
In base 6, what is -13332 + -5?
-13341
In base 5, what is 11233 - -1?
11234
In base 7, what is -530 + -4?
-534
In base 10, what is 33 - 3?
30
In base 14, what is -1c - -a?
-12
In base 12, what is -1 - 2a1?
-2a2
In base 4, what is 0 + 223313?
223313
In base 4, what is 1001 - -10?
1011
In base 7, what is 32064 + -3?
32061
In base 12, what is 5 - 1?
4
In base 4, what is -2020 - 33?
-2113
In base 8, what is -553 + 64?
-467
In base 11, what is -2049 - -13?
-2036
In base 10, what is 21 + -114?
-93
In base 16, what is -5 + -26?
-2b
In base 13, what is 4 - 8c?
-88
In base 10, what is -1 + -106?
-107
In base 14, what is -4 - 162?
-166
In base 5, what is -411 + 433?
22
In base 6, what is -30 + -2001?
-2031
In base 8, what is -4 - 40?
-44
In base 15, what is 3 + 25?
28
In base 4, what is 331232 - -3?
331301
In base 12, what is -4 - -6b7?
6b3
In base 7, what is -5 + 1043?
1035
In base 15, what is -77 - 1?
-78
In base 9, what is -352 + -47?
-410
In base 2, what is 1 - -110?
111
In base 16, what is -4 - -2?
-2
In base 16, what is -5669 - -3?
-5666
In base 10, what is 368 + 14?
382
In base 10, what is -1040 - -2?
-1038
In base 4, what is -10 - 113212?
-113222
In base 4, what is -23 - 330?
-1013
In base 9, what is -172 + -3?
-175
In base 12, what is 221b - -5?
2224
In base 3, what is -120112021 + 10?
-120112011
In base 14, what is -2c + 4?
-28
In base 11, what is -45 - 7?
-51
In base 12, what is -2b + 3?
-28
In base 9, wha